t z = -139 + 186. Let t be n(z). Let f = -15 + 30. What is the greatest common factor of t and f?
5
Suppose -20*o + 20796 - 20556 = 0. Calculate the greatest common factor of o and 9084.
12
Let t(u) = 281*u + 146. Let l be t(-10). Let m be 21/6*l/(-84). What is the greatest common divisor of 185 and m?
37
Let r be (-298)/(-14) - 2/7. Suppose -2 + 47 = 9*a. Suppose 5*s - a*o = 10 + 60, 3*o + 70 = 5*s. Calculate the highest common divisor of r and s.
7
Let g be 5/(75/168) + (-4)/20. Suppose 3*a = -2 + g. Suppose a*v + 0*v - 4 = -p, -3*v - 48 = -3*p. Calculate the highest common divisor of 91 and p.
13
Let y be 7 - (280/88 - 2/11). Suppose -y*i + 78 = -66. Let o = 55 - i. Calculate the greatest common factor of o and 19.
19
Let q = -2793 - -8562. Calculate the greatest common factor of 18 and q.
9
Let j = -2626 - -2629. Let i be 1/(-4) + 3/12. Suppose -2*o + i*o = -30. Calculate the highest common divisor of o and j.
3
Suppose -4*s + 449 = 13*d - 1069, -4*d - 1221 = -3*s. Calculate the highest common divisor of 84 and s.
21
Let j(o) = -2*o**2 + o - 175. Let v be j(0). Let f = -167 - v. Suppose -79 = -4*t + w, 0*t - 99 = -5*t + w. Calculate the greatest common factor of t and f.
4
Let d = 9977 - 9928. Calculate the greatest common factor of d and 602.
7
Let s(t) = 10*t**2 + 173*t - 512. Let h be s(-21). Calculate the greatest common divisor of 65 and h.
5
Suppose -54*f - 63*f + 109937 - 8381 = 0. Calculate the highest common divisor of f and 3100.
124
Suppose 55 - 145 = 10*q. Let r be 88/6 - (-6)/q. What is the highest common divisor of 378 and r?
14
Let j = -1746 - -1961. Calculate the highest common divisor of j and 20.
5
Let s be (-5)/20 + 1206/24. Suppose 5*l = 6*l, 5*g = -3*l + s. What is the highest common divisor of 1020 and g?
10
Suppose 5*v = -4*f - 36, 67 = -5*v + 5*f + 22. Let n be (14/v)/(1/(-28)). Let p = 73 + -66. Calculate the greatest common factor of p and n.
7
Let w = -519 - -525. Suppose 0 = 2*l - 2*u - 202, w*l = l - 4*u + 487. What is the greatest common factor of l and 36?
9
Suppose 11*r - 10*r = -2*v + 18, 48 = 5*r - 4*v. Suppose 23*j = r*j + 1683. Calculate the highest common factor of 9 and j.
9
Suppose 423*j - 31860 = 364*j. Calculate the greatest common factor of 20 and j.
20
Let x(q) = q**3 + 15*q**2 + 7*q + 34. Let z be x(-7). What is the greatest common factor of 455 and z?
13
Let a be (4/(-10))/((-7)/(-210)). Let b(x) = 6*x + 85. Let g be b(a). Calculate the highest common divisor of 91 and g.
13
Let f(p) = -p**3 - p**2 + 2*p - 3. Let y be f(-6). Suppose 6679 - 24551 = -670*j + 2228. Calculate the greatest common factor of j and y.
15
Suppose 252*c - 2432 = 3818 + 302. Calculate the greatest common divisor of 3614 and c.
26
Let x(h) = h**3 - 71*h**2 - 55*h - 114. Let c be x(72). Calculate the highest common divisor of c and 30.
30
Let s = 98 - 59. Suppose 172*l + 55*l = 1559 + 13196. What is the highest common divisor of l and s?
13
Let j = -7042 - -7254. Calculate the greatest common factor of j and 136.
4
Suppose 4*x + 274 = 3*t, t + 2*x = 3*t - 182. Suppose 2*k + t = 7*k. What is the greatest common divisor of 72 and k?
18
Let n = -40 - -42. Suppose -42 - 18 = -n*l. Suppose 40 + l = 2*f. What is the greatest common divisor of f and 5?
5
Let n(l) = 2*l**3 - 20*l**2 + 6*l - 28. Let s be n(10). What is the highest common divisor of 244 and s?
4
Suppose -3*m = -5*z - 48, 4*m - 2*z = 2*m + 28. Let x be ((-140)/12 + m)*3*-1. What is the highest common factor of 5 and x?
1
Suppose 4*b = -5*c - b - 30, -5*b + 2 = c. Let m be (2/(-3))/(c/120). Suppose 2140*g - 2161*g = -840. Calculate the highest common divisor of g and m.
10
Suppose -7*o + 11*o - 5*j = 12, 4*j - 3 = -o. Let g(x) = -x - 16. Let d be g(-8). Let y = -5 - d. Calculate the highest common divisor of o and y.
3
Let t be (220/16)/((-19)/(-76)). What is the greatest common divisor of 3245 and t?
55
Suppose 4*y - 82 + 14 = -4*m, -2*m + 2*y + 22 = 0. Let v = 3 + -6. Let w be -1 + v - (-39 + -7). Calculate the highest common divisor of w and m.
14
Let a be ((-24)/10)/((-64)/160). Let h be 39/12 - a/(-8). Calculate the greatest common divisor of 212 and h.
4
Let x = -62 - -137. Suppose 54*h - x = 49*h. Suppose m - 13 = -4*s + 5, 2*m = -s + h. What is the highest common divisor of 6 and m?
6
Suppose 6*a - 1477537 = -82*a - 229*a. Calculate the highest common factor of 158 and a.
79
Let x(n) = 855*n + 781. Let z be x(2). What is the highest common factor of 265 and z?
53
Let l = 206 - -409. Calculate the highest common divisor of l and 35.
5
Let o = 4 - -10. Suppose 5*a = -p - o + 21, 0 = -p + 2*a. Calculate the greatest common divisor of 6 and p.
2
Let p(c) = -3*c**2 + 22*c - 20. Let u be p(6). Calculate the greatest common divisor of u and 302.
2
Let l = -59 - -62. Suppose 8 = l*y + 2. Suppose 5*j - 50 = 2*g, -4*j - y*g + 26 = 4. What is the highest common factor of j and 24?
8
Suppose 3*w = -0*w - 33. Let y = 18 + w. Suppose -s + 761 = 12*h, 2*h - s + 194 = 5*h. Calculate the greatest common divisor of h and y.
7
Let k = 122 - 69. Suppose -2*i + k = 19. Suppose -2*q = t - 375, 4*q - 753 = -0*q - 5*t. Calculate the greatest common factor of q and i.
17
Let f = -195 + 199. Suppose -2*y - 168 = -5*g, f*g - 2*y = 157 - 23. What is the greatest common divisor of g and 8?
2
Let f be (1 + -2)/((-1)/33). Let i be (-1)/(-6) - 1334/(-348). Suppose -926 = -5*c + i*s - 246, 5*s + 421 = 3*c. What is the greatest common divisor of c and f?
33
Let o(t) = -t + 4. Let m be o(0). Suppose 5*c - 18 = 357. Suppose c = m*w + w. What is the greatest common factor of 135 and w?
15
Let a(i) = -150*i + 3481. Let o be a(7). What is the greatest common factor of o and 1326?
221
Suppose -51*v - 40*v + 61698 = 0. Calculate the greatest common factor of 6 and v.
6
Suppose -2*s + 3*x = -848, 0 = -0*s - 2*s - 4*x + 848. Calculate the highest common divisor of 2650 and s.
106
Let z be (-6)/21 - (-201)/21*11. Suppose -5*m = 5*t - 595, 5*m + 44 + z = t. What is the greatest common factor of t and 186?
62
Let f = 130 - 242. Let y = f - -142. What is the greatest common factor of 6 and y?
6
Suppose -59*a + 53784 = 59*a - 37*a. What is the greatest common divisor of 13446 and a?
166
Let t(b) = 165*b - 105. Let k be t(1). Calculate the greatest common factor of k and 534.
6
Let y be 18/(17 + -251) + (82098/39 - -2). Calculate the greatest common factor of 86 and y.
43
Let w be 3/4*(-41)/(246/(-48)). What is the greatest common factor of 498 and w?
6
Suppose g + 5*c - 1139 = 0, 88*g - 87*g + 2*c - 1145 = 0. What is the highest common factor of g and 3?
3
Let i be 0 + -32 + (0 - 2). Let p(s) = -8*s + 63. Let c be p(i). Calculate the greatest common factor of c and 5.
5
Suppose 3*d - 12 = 2*b, -10*d - 5*b + 45 = -5*d. Let z be 19/(-57) - ((-3832)/d)/2. Calculate the greatest common factor of z and 11.
11
Suppose 0 = -2*w + 4*u + 6, -w - 4*u - 32 = u. Let m(y) = -7*y**2 - 56*y + 8. Let o be m(w). What is the highest common divisor of 76 and o?
19
Let y(v) = 242*v**2 - 12*v - 30. Let q be y(-2). What is the greatest common divisor of q and 182?
26
Let z = 69 + -63. Let m be 15/10 - 6/(-4). Suppose -4*v + 159 - 6 = 5*f, 3*f = -m*v + 117. What is the highest common factor of z and v?
6
Let c(r) = r**2 - 2*r. Let w be c(2). Suppose w = a - 34 - 10. Let f be 15/120 - 6/96*-1758. What is the greatest common divisor of a and f?
22
Suppose -2*z = -4*q - 12, -z = 2*q + 3*z + 6. Let x be (-304)/q - 6/(-9). Let b be (-8 + 6)*(4 - 21). What is the greatest common divisor of x and b?
34
Suppose 0 = d + 3*r + 3 + 1, -r = -5*d + 28. Let p be (1/(-3)*d)/(2/(-12)). Calculate the highest common divisor of 310 and p.
10
Let d(s) = 8 + 7*s**3 - 22 + s**2 - 31*s**3 - 9*s - 47*s**3. Let w be d(-2). Calculate the greatest common factor of 8 and w.
8
Suppose 4*d - 16 = 0, -29388 = -20*n + 18*n - 2*d. What is the greatest common divisor of n and 10?
10
Let x be -1 - (26/39)/((-2)/12). Suppose -x*m - q = 115, 5*m + 2*q = 4*m - 40. Let k = m + 43. Calculate the highest common divisor of k and 1.
1
Suppose 13*d = -4307 - 2050. Let q = 573 + d. Calculate the greatest common divisor of q and 189.
21
Let w(h) = 29*h**2 + 746*h - 2968. Let y be w(4). Calculate the highest common divisor of y and 180.
60
Let m be (-3)/9 + (-19)/(-3). Sup